st common divisor of 21 and x.
7
Let a = 98 - 91. Let i be 30/a - 6*(-1)/(-21). What is the highest common factor of i and 20?
4
Suppose -5*k + 80 = 5*f, 360*f - k = 359*f + 16. What is the greatest common divisor of f and 808?
8
Let j(i) = i**2 - 11*i + 40. Let p be j(8). Let o = 25 + 71. Suppose -5*q + q + o = 0. Calculate the greatest common divisor of q and p.
8
Let u(a) = a**3. Let q be u(1). Let z = 21 - q. Let g = 487 + -287. What is the greatest common factor of z and g?
20
Suppose 7*w = 22 - 1. Suppose 6*a - 51 = -w. Calculate the highest common divisor of 8 and a.
8
Let t(n) = n**2 - 25. Let q be t(0). Let a = q - -26. Suppose 0 = o + a + 2, 2*g - 2*o - 34 = 0. Calculate the greatest common factor of 28 and g.
14
Let p(k) = k**3 + 3*k + 16. Let z be p(5). Let l = z - 93. Let c be 2*18/8*2. What is the greatest common divisor of l and c?
9
Let t be (-3 - 0) + 4 - -135. Let i = 28 - 26. Let b = i - -15. What is the greatest common factor of b and t?
17
Let i = 28 - 10. Suppose 0 = -5*c + 72 + 3. Suppose -c*s + 5*s + 90 = 0. Calculate the highest common factor of s and i.
9
Suppose -17*d - 59 = -467. Calculate the highest common factor of d and 408.
24
Suppose -4*c + 0 = 4*q - 24, 2*c = -q + 9. Suppose -2*n - q*a = 33, -n - 24 - 9 = -4*a. Let m = n + 38. What is the greatest common divisor of 68 and m?
17
Let j(r) = 16*r**2 + 31*r + 96. Let g be j(-7). What is the greatest common factor of g and 117?
39
Suppose 2*c + x + x = 250, c + 4*x = 140. Suppose -32 + c = 4*k. Suppose 5*o = t, k = -5*t + o + 118. Calculate the highest common factor of 220 and t.
20
Let u = 105 + -93. Suppose 35 = 7*p + 21. Calculate the highest common divisor of u and p.
2
Let q(t) be the third derivative of 1/60*t**5 + 0 + 0*t + 1/4*t**4 + 4/3*t**3 - 7*t**2. Let c be q(9). Calculate the greatest common divisor of 13 and c.
13
Let g = 888 + -528. What is the greatest common factor of g and 24?
24
Suppose 15 = -5*m - 0. Let a = m - -1. Let d(b) = -23*b**3 - 2*b**2 - 2*b. Let s be d(a). What is the highest common divisor of 72 and s?
36
Let v(m) = m**3 - 7*m**2 - 4*m - 1. Let r be v(7). Let c = -11 - r. Calculate the greatest common factor of c and 126.
18
Suppose 24 = -0*b + 6*b. Calculate the highest common divisor of b and 268.
4
Suppose 78 - 63 = 5*o. Suppose -y - 11 = -4*j - 0, 0 = -4*y - 2*j + 10. Suppose o*q - 82 = -y. What is the greatest common divisor of 18 and q?
9
Let o = 1217 + -920. Calculate the greatest common factor of o and 108.
27
Let f = 1 + 36. Let l = 257 + 76. Calculate the greatest common factor of f and l.
37
Suppose -k = 52 - 188. Suppose 5*b = 20, -4*l + b + k = 3*b. What is the greatest common divisor of l and 128?
32
Suppose -2*i + 46 = -2*l, -2*i - 2*l + 40 + 14 = 0. Suppose -3*v + 54 = 3*b - 21, -i = -b + v. Calculate the greatest common factor of b and 5.
5
Suppose 29 = 3*j - 1. Let s = 267 + -217. What is the highest common factor of s and j?
10
Let w(q) be the third derivative of -11*q**6/40 + q**5/60 + q**4/24 + 11*q**2. Let z be w(-1). What is the highest common divisor of 11 and z?
11
Suppose -4*p - f + 39 = 0, 0 = -12*p + 16*p + 4*f - 36. Calculate the highest common divisor of 2830 and p.
10
Suppose 362*a - 369*a + 6314 = 0. What is the highest common factor of 22 and a?
22
Suppose -3*o = u - 96, -16*u + 15*u = -5*o - 104. Calculate the highest common factor of u and 143.
11
Let z(r) = 3*r**3 - 2*r**2 + 3*r - 1. Let h be z(1). What is the highest common divisor of h and 11?
1
Suppose 10*v = 7*v + 564. Suppose -2*d - 168 = -2*l, -9*l - 3*d = -7*l - v. Calculate the highest common factor of l and 16.
8
Suppose g + 4*a = -13 - 9, -3*g + 4 = -2*a. Let z be 2 - g - 5 - 16/(-1). What is the greatest common divisor of 165 and z?
15
Let y(u) = 42*u**2 + u - 1. Let h be y(-1). Calculate the greatest common divisor of 380 and h.
20
Suppose 5*r + 0*r + 110 = 0. Let w = -15 - r. Suppose 11*c - 14 = 9*c. What is the highest common factor of w and c?
7
Let h(q) = 11*q + 218. Let v be h(12). What is the highest common factor of 5 and v?
5
Suppose 3*m - 661 = -2*o + 346, -4 = -4*m. Let p = o - 320. Calculate the greatest common divisor of p and 26.
26
Suppose -13*w + 1377 = 142. Suppose 2*f - 175 = -3*f. Let q = -16 + f. Calculate the highest common factor of q and w.
19
Let y be (-16)/6*210/(-20). Suppose -2*t = -2*r - 22, 5*r + 0 = 2*t - 13. Calculate the highest common factor of t and y.
14
Suppose -4*y = 5*z - 180, 6*y - 4*y + 36 = z. Suppose -14*q = -11*q + 9. Let c(s) = -5*s + 3. Let o be c(q). What is the greatest common divisor of z and o?
18
Let y = -17 + 19. Let o be 142 - y/((-4)/(-6)). Suppose 0 = 5*t - o - 51. What is the highest common factor of t and 19?
19
Suppose 24 = 3*g - 27. Let h = -128 + 298. What is the highest common factor of g and h?
17
Let z = -1104 + 1140. Calculate the greatest common factor of z and 57.
3
Let l(o) = 1 + 11 - 14 - 6*o - o**2. Let s be l(-4). Calculate the greatest common factor of s and 9.
3
Let t = -114 - -120. Calculate the highest common factor of t and 146.
2
Suppose 10*a = 5264 + 136. Calculate the greatest common factor of a and 300.
60
Suppose -2*d - 12*g = -8*g - 1516, 2*g = 3*d - 2242. Calculate the highest common factor of 600 and d.
150
Let o(t) = -t**3 + 20*t**2 + 28*t + 43. Let m be o(17). What is the greatest common divisor of m and 66?
66
Suppose 0 = -3*f - 15 + 45. Let k(y) = -y**2 + 19*y - 54. Let o be k(12). What is the greatest common factor of o and f?
10
Let x(t) = t**3 + 18*t**2 - 8*t - 39. Let f be x(-15). Suppose -35*z - f = -42*z. What is the greatest common divisor of z and 27?
27
Let v = 1263 - 379. Calculate the greatest common factor of v and 136.
68
Let c be (-170)/4*856/(-20). Calculate the highest common divisor of 107 and c.
107
Let n = -1 + 6. Suppose -5*m + 3*f + 55 = 2*f, n = -m - 3*f. Calculate the greatest common divisor of m and 25.
5
Let c = 33 - 18. Let p be (10/8 + -2)*4. Let m be (-5)/(c/(-48)) - p. Calculate the highest common divisor of m and 76.
19
Suppose 0 = -m + i + 179, -3*i = -3*m - 2*m + 885. Let o = -100 + m. Suppose 0 = -n - u + o, 3*u + 24 + 42 = n. Calculate the greatest common factor of 8 and n.
8
Suppose 13*u = 5*c + 11*u - 1427, -3*c - 5*u + 881 = 0. What is the highest common divisor of c and 41?
41
Suppose -5*y + 80 = 10. Suppose 4*s - y = -2*q + 20, -3*s + 23 = 4*q. Suppose 11 + 16 = a. Calculate the highest common factor of a and s.
9
Let p(d) = d**3 + 17*d**2 - 7*d - 7. Let g be p(-16). Calculate the greatest common divisor of g and 19.
19
Let y(q) = q**2 - 5*q + 3. Let w be y(8). Let n = 31 - w. Suppose -k - n*v - 1 = -7, -3*v = -2*k + 12. What is the greatest common divisor of k and 4?
2
Let q(r) = r**2 + 3*r - 29. Let t be q(8). Let y be -5 + (t - 2) + -4. Calculate the greatest common divisor of 384 and y.
48
Let g be (-2)/(-8) + 5193/12. Suppose 2*v + 3*i = 5*i - 286, -3*v = i + g. Let r = -45 - v. Calculate the highest common divisor of r and 11.
11
Let x be (-1)/((1/((-45)/6))/102). Calculate the highest common factor of x and 45.
45
Let s be 9/(-2)*(-8)/3. Suppose 5*q = 4*f - 172, 0 = -5*q + 13 + 7. What is the greatest common divisor of f and s?
12
Let y = -1032 + 1044. Calculate the greatest common divisor of y and 15.
3
Let h be (-18)/(-18) - (4 - 16). Calculate the greatest common divisor of h and 1.
1
Suppose 5*b = 70 + 125. Suppose -2*m + m + b = 0. Suppose 2*r + 26 = 4*r. What is the greatest common divisor of m and r?
13
Let v(m) = -15*m - 9 + 4*m - 27*m + 8*m. Let c be v(-8). Calculate the highest common divisor of c and 33.
33
Let l(n) = -7*n**3 - 2*n**2 - n - 4. Let r be l(-2). Let h = r + 169. Calculate the greatest common divisor of 43 and h.
43
Let h(m) be the second derivative of -m**4/12 - 3*m**3/2 - 5*m**2/2 + 18*m. Let b be h(-5). What is the highest common divisor of b and 165?
15
Suppose 0*p + 2*p = 0. Suppose -15 = 3*b + 2*b, 3*r - 2*b - 78 = p. Let c = 113 + -97. Calculate the greatest common factor of c and r.
8
Suppose -2*j = -d - 11, -d + 4 = 2*j - j. Suppose 77 = 5*t + r - 2*r, -5*r + 15 = 0. Suppose 2*w - 54 = t. What is the greatest common factor of j and w?
5
Let c(u) = 52*u**2 + u + 21. Let j be c(3). What is the greatest common divisor of j and 24?
12
Let x be (-1881)/63 - 1/7. Let s be 6/x 